. Let s be (56/21)/(2/w). Let p = -23 - s. Determine v(p).
7
Suppose -4*p = -4*f - 4, -4*p - f + 16 = f. Let k(z) = -13 + p*z**2 + z - 3*z**2 + 10*z**3 - 9*z**3. Let w = 1626 - 1626. What is k(w)?
-13
Let k(b) be the third derivative of -b**5/60 + b**4/12 + 5*b**3/6 - 1428*b**2. Determine k(-5).
-30
Let t be ((-3)/(-6 + 7))/(-1). Suppose 9 = -3*b, -t*m + 3*b = -5 - 7. Let r(g) = 2*g**2. Calculate r(m).
2
Let b = 89 - 87. Suppose 0 = -o - b*o + 24. Let f(j) = -4*j + o - 13 + 6. Determine f(1).
-3
Suppose -8*m + 66 = -19*m. Let t(i) = i**2 + 9*i + 4. Let u be t(m). Let a = -10 - u. Let c(h) = h - 4. What is c(a)?
0
Let n(o) = -29*o**3 + 3*o**2 + 2*o - 3. Let c = -9290 + 9291. What is n(c)?
-27
Suppose -d + 101 = -970. Let b(i) = -7*i - d + 1071 - 2*i**2 + 3*i**2. Let n(g) = g. Let r(x) = -b(x) - 6*n(x). Determine r(2).
-2
Let b(g) = 7*g**2 - 10*g + 3. Suppose 4*y + 10 = -c, 19*c - 18*c - 17 = 5*y. Calculate b(c).
11
Let g = 8629 + -8635. Let t(q) = q**2 - q - 29. Determine t(g).
13
Let u(p) = p**3 - 4*p**2 - p + 9. Let z be (127 - 122)/(1/1). What is u(z)?
29
Let y(i) be the third derivative of i**6/120 + i**5/12 - i**4/4 - i**3 + 628*i**2. Suppose 3*r - 2*f + 3 + 7 = 0, 0 = -3*f - 12. Calculate y(r).
-6
Let p(o) = 2*o**3 - 61*o**2 + 7*o + 191. Let s(n) = -n**3 + 29*n**2 - 4*n - 95. Let g(k) = 6*p(k) + 11*s(k). Determine g(47).
7
Let y(a) = 3*a**2 + 3*a. Let j be y(0). Let v(k) be the third derivative of k**4/24 + 4*k**3/3 + 437*k**2. Calculate v(j).
8
Let i(q) = -3*q**2 + 4*q. Let p(z) = -z**2 + z. Let g be 80/(-14) - 18/63. Let f(d) = g*p(d) + i(d). Let k(m) = 2*m**2 + 12*m + 3. Let b be k(-6). What is f(b)?
21
Let y(t) = -3*t**2 - t - 1. Suppose -5 = 5*x, -6*s + s + 4*x = 1. Let u be y(s). Let r(d) = d**2 + 1157*d - 3624 + 3625 - 1151*d. What is r(u)?
-8
Let a(t) = -538248*t**3 + 1076489*t**3 - 10 + 9*t + 5*t**2 - 538242*t**3. Let m(b) = b**3 - 6*b**2 - 7*b + 6. Let z be m(7). Calculate a(z).
8
Let d(k) be the third derivative of -k**6/120 + 7*k**5/30 - 3*k**4/8 - 20*k**3/3 + 3*k**2 + 511. Determine d(13).
12
Let r(g) = -13 - 600*g + g**2 + 0 + 614*g + 0*g**2 - 5. What is r(-13)?
-31
Let a(j) be the first derivative of -j**4/4 - 14*j - 1099. What is a(0)?
-14
Let f be 19/2*-6*(-3)/9. Suppose 0 = 20*v - f*v + 2. Let h(s) = 13*s - 1. Calculate h(v).
-27
Let u(t) = -t**2 + 19*t - 5. Suppose 5*i + 22*a - 20*a - 97 = 0, -4*i = -a - 75. Give u(i).
-5
Let f(p) = -2*p**2 + 4*p - 1. Let c be -1*7/(-15 - -8). Let m be 3 - (3 - 6) - c. What is f(m)?
-31
Suppose 0*m = -4*c - 2*m - 34, -2*c = 2*m + 22. Let f(x) = 3*x**2 + 8*x + 5. Let g(i) = 10*i**2 + 26*i + 19. Let j(y) = 7*f(y) - 2*g(y). Calculate j(c).
9
Let k(f) = f - 2. Let p = -503 - -495. Let n(g) = 16*g - 3. Let w be n(2). Let i be w/4 - (-2)/p. Give k(i).
5
Let i(l) = l**2 + 3*l - 1. Suppose -5*y - 127 + 52 = 0. Let w = -10 - y. Suppose w*g = -4*x - 35 + 3, -2*g = -4*x - 4. Determine i(x).
-1
Suppose -3*h + 24 = 219*l - 216*l, 2*l - 56 = 3*h. Let j(w) = 4*w - 99. Calculate j(l).
-35
Let l(v) = -v**2 + 7*v + 10. Let a(f) = 15*f - 28. Let d(i) = -17*i + 29. Let r(m) = 4*a(m) + 5*d(m). Let z be r(1). Determine l(z).
2
Suppose 5*j = 3*j + 2. Let p(x) = 11*x + 43. Let m(r) = 13*r + 51. Let c(k) = 6*m(k) - 7*p(k). Let d be c(j). Let a(w) = -2*w**2 + 9*w - 1. Calculate a(d).
-19
Let v(u) = 2*u + 5. Suppose -l - 277 = 4*f, -2*f = 3*l - 7*f + 763. Let r = l - -257. Give v(r).
-3
Let a(g) = g**2 - 13*g - 9. Suppose 33 = 4*d + 7*d. Suppose -2*s - d = 3*k - 35, -s - 5 = 0. Give a(k).
5
Let h(c) = -20*c**3 + 2*c**2 - 1. Let g(j) be the first derivative of -5*j**2/2 - 101*j - 10. Let i be g(-20). What is h(i)?
21
Let m(g) = -g**3 - 3*g**2 - 155*g - 305. Let p be m(-2). Let f(r) = -r**2 - r + 3. Give f(p).
1
Let q(g) be the first derivative of -g**4/4 + 7*g**3/3 + 10*g - 16. Let o be (-12)/9*(7 - 4) - -7. Suppose 0 = -9*n - o*n + 84. Determine q(n).
10
Let q(s) = 0*s - 268 - 4*s - 265 + 504. What is q(-10)?
11
Let i(b) = 9*b**3 + 29*b + 5 - 6 + 19 - 10*b**3 - 12*b**2 + 12. Calculate i(-14).
16
Let w(g) = -2*g - 2. Let n(q) = q**2 + 11*q + 10. Let d(r) = -r - 14. Let v be d(-10). Let h(i) = v*w(i) - n(i). Give h(-3).
-2
Let w = 1257 + -1224. Let v(h) = -h**2 + 33*h - 1. Calculate v(w).
-1
Let g(d) be the second derivative of d**6/360 + d**5/60 + 14*d**4/3 + d**2 - 164*d. Let f(q) be the third derivative of g(q). What is f(-1)?
0
Let z be 15/(150/(-172)) + 2/10. Let j(t) = t**2 + 20*t + 52. Let a be j(z). Let h(v) = 4*v**3 - 2*v**2 + 2*v - 1. Give h(a).
3
Suppose 3*r - 8 = 7*r - 2*u, -4*u = -3*r - 1. Let b(h) = 3*h**2 - 21*h + 19. Let a(c) = -2*c**2 + 11*c - 9. Let w(g) = r*b(g) - 5*a(g). What is w(-9)?
-3
Let z(s) = s**2 - 7*s + 8. Let u be 4/(-3)*3/(-2). Let v(n) = -n**2 + 6*n - 7. Let j(y) = u*v(y) + 3*z(y). Suppose 84852 - 85188 = -48*w. Determine j(w).
-4
Suppose 10*g - 5*g - 40 = 0. Let z be (-6)/g + ((-3225)/(-20))/15. Let k(s) = -2*s + 15. Calculate k(z).
-5
Let j(w) be the first derivative of -w**4/2 + 5*w**3/3 - 11*w**2/2 + 41*w + 8262. Give j(3).
-1
Let p be (-6)/9*-9 - (-432)/(-48). Let l(g) = -7*g - 13. Determine l(p).
8
Let k(o) be the second derivative of o**2/2 - 28*o. Let v(b) = 2*b - 4. Let a(y) = -5*k(y) - v(y). Let j be a(-3). Let d(r) = r - 3. What is d(j)?
2
Suppose 270*f - 296 = 244. Let l(o) = -o**3 + 2*o**2 + 2*o - 9. Give l(f).
-5
Let o(m) be the third derivative of 29*m**2 + 1/24*m**4 - 1/3*m**3 + 0 + 2*m. Give o(-4).
-6
Let o(c) be the first derivative of 6*c - 7/2*c**2 - 1/3*c**3 + 166. Give o(-7).
6
Suppose 4*n - 30 = -5*g, -28*g = 5*n - 30*g + 12. Let f(l) be the second derivative of n - 1/12*l**4 + 7/2*l**2 - 1/2*l**3 + 19*l. Determine f(-5).
-3
Let k(v) = -4*v**2 + v + 2. Suppose -c - 11 = -3*q, 4*c - 4*q = -2 - 2. Suppose -19*f - 173 + 477 = 0. Suppose -f = -c*s, -h + 7 = -3*s + 21. Calculate k(h).
-16
Let t(h) = -h**3 + 11*h**2 - 14*h + 8. Let u(c) = 10*c**3 + 77*c**2 - 23*c + 18. Let i be u(-8). Give t(i).
-32
Let r(a) = -7 - 352*a + 2*a**2 + 177*a + 176*a + 4 - 13. What is r(3)?
5
Let h(x) = 3*x - 4. Let r be (-26)/169 + (-10)/(-65). Suppose r = 3*l - l - 3*m - 6, l + 5*m = 3. What is h(l)?
5
Let a = 2129 + -300. Let n(r) = -a + 1828 + 2*r**2 + 4*r + 0*r**2 - r**2. Give n(-3).
-4
Let w(u) be the first derivative of 323 - 4*u - 2*u**3 - 4*u**2 - 1/4*u**4. What is w(-5)?
11
Let s(g) = -32 - 16 - 28*g - 22*g + 57*g - 1. Give s(6).
-7
Let k(c) = -c - 1. Let y(j) = -3*j - 8. Let q(m) = -4*k(m) + 2*y(m). Suppose r + 6 = u, 4*u + 0*r = -3*r + 10. Let g be (-6)/u + (-208)/32. Determine q(g).
4
Let c(a) = -a**2 + 6*a - 9. Suppose 9*i + 17 = 31 + 49. Determine c(i).
-16
Let n(t) = t**3 - 39*t**2 - 178*t + 264. Let p be n(43). Let o(y) = 6*y**2 - 34*y + 7. Give o(p).
19
Let u(g) = 68*g + 9. Let x(t) = 2*t**2 - 2*t + 8. Let p(s) = u(s) - 3*x(s). Give p(13).
-67
Let b(d) = -4050*d - 26 + 4050*d - 5*d**2. Let h(x) = 3*x**2 + 27. Let w(r) = -2*b(r) - 3*h(r). Give w(0).
-29
Let n = 285 + -376. Let d = n + 87. Let p(u) be the first derivative of -u**3/3 - 5*u**2/2 + u - 1. Determine p(d).
5
Suppose 0 = -9*c - 856 - 863. Let z = 195 + c. Let k(u) = -13*u + 21. Let g(j) = 3*j - 5. Let d(b) = -9*g(b) - 2*k(b). What is d(z)?
-1
Let t(f) be the third derivative of f**7/5040 + f**6/360 - 77*f**5/20 + 2*f**2 - 46. Let z(h) be the third derivative of t(h). Determine z(6).
8
Let s(r) be the first derivative of -r**7/840 - r**6/36 - r**5/15 + 13*r**4/24 - r**3 - 16*r + 111. Let x(c) be the third derivative of s(c). Determine x(-9).
4
Suppose -43*s - 77 = -206. Let g(x) = 4*x**2 + 8 - x**s + x**2 - x + 9 - 15. Let v be (3/4)/(2/8). Give g(v).
17
Let w(t) be the second derivative of t**5/60 + 5*t**4/12 + 5*t**3/6 - 5*t**2/2 + 61*t. Let h(g) be the first derivative of w(g). Calculate h(-5).
-20
Let m(t) = -t**2 - 83. Suppose g - 6 = 0, 4*b + 56 = -4*g + 80. Give m(b).
-83
Let f = 2480 - 2474. Let v(x) = 2*x - 9*x + 0*x**2 - 5 + x**2. Give v(f).
-11
Let s(n) = 7*n**3 + 12*n**2 + 8*n - 4. Let t(k) = -k**3 - 3*k**2 - k + 1. Let r(v) = -s(v) - 6*t(v). What is r(5)?
13
Let d(h) = -h**3 - 12*h**2 - 10*h - 1. Suppose 4*g + 4*p - 852 = 0, 2*p - 205 = -g - 3*p. Let u = -226 + g. What is d(u)?
-12
Suppose 5 + 10 = 3*p. Let b(k) = 0 - 3*k + 2*k + 5 + 7*k**2 - 3*k - 6*k**2. Determine b(p).
10
Let z be ((-3)/2)/((